 -59 + 104. Let w be p/10*(-12)/(-9). Suppose 4*a = w*a - 52. What is the tens digit of a?
2
Let y be 1*-3*(-22)/6. Suppose 0 = 6*s - y*s. What is the units digit of 3 + (s - 0)/(-4)?
3
Let k = 68 + -66. Suppose 6 - 62 = -y + c, k*c = -3*y + 183. What is the units digit of y?
9
Let m be (-103 + -1)/(5/(-3 - -2318)). What is the units digit of (-1)/(-4) + (m/(-32))/13?
6
What is the units digit of 29 + -1 + (-2 - (4 - 3))?
5
Let w = -571 - -1133. What is the hundreds digit of w?
5
Let m = 11 - 45. Let a be m/(-51) - 32/(-6). What is the units digit of 26 + (-6)/2 + a?
9
Let l(q) = 3*q**2 - q - 3. Let c be l(3). Suppose f = n + 12, -3*n = -2*f - 2*n + c. Let a(g) = -g**3 + 9*g**2 + 11. What is the units digit of a(f)?
1
Let k = 580 + -90. What is the tens digit of k?
9
Suppose -5*i + 3268 = 4*m, m = 5*m - 5*i - 3308. What is the hundreds digit of m?
8
Let j be 2/(-3) - 168/(-9). Let m = -2 + 6. Suppose j = v - 4*w - 0, 3*v - 30 = m*w. What is the units digit of v?
6
Let n = 1240 - 642. What is the units digit of n?
8
Let j = 39 + -59. Let w be (18/15)/((-2)/j). What is the units digit of (6/w)/((-1)/(-12))?
6
Let u be (8/(-12))/2*-9. Suppose 12 - 129 = -u*r. What is the tens digit of r?
3
What is the units digit of (-144464)/(-32) - (-9)/6?
6
What is the thousands digit of 1002/(-2*((-5)/10)/1)?
1
Let i(f) = 5*f + 4*f**2 - 8*f + 3*f**2 + 8. What is the tens digit of i(4)?
0
Suppose 0 + 7 = m. Suppose -3*d - 228 = -m*d. What is the tens digit of d?
5
Suppose -21*t + 33261 = 9783. What is the units digit of t?
8
Let j be 3/2*(-3232)/(-12). Let l = j + -143. Suppose -5*a + l = -3*f, 4*a - 207 = 4*f - f. What is the tens digit of a?
5
Let u = -19 + 23. Suppose -26 - 58 = -u*i. What is the tens digit of i?
2
Let b be (27/12 - 2) + (-9)/36. Let m(p) = 2*p**2 + 2*p + 83. What is the tens digit of m(b)?
8
What is the tens digit of 1/(-1)*5 + 72?
6
Let i = -3 - 9. Let c = -8 - i. Suppose 0 - c = -y. What is the units digit of y?
4
Let k(b) = -146*b - 59. Let d be k(-10). Suppose d = 4*n + 441. What is the units digit of n?
0
Let u(f) = 4*f - 10. Let j be u(4). Suppose 4*v - j = 6. Suppose v*m = -4*g + 4*m + 23, 2*m = 2. What is the units digit of g?
6
Let j(h) = -h**3 + 20*h**2 + 88*h - 8. What is the thousands digit of j(18)?
2
Suppose 0*o = -3*o + 87. Suppose -2*l - 45 = o. Let k = l - -65. What is the units digit of k?
8
Suppose -14 = 7*h - 49. Let i = -6 + 9. Suppose 0 = 3*p - o - 114, -i*o + h*o = -3*p + 114. What is the units digit of p?
8
Suppose -4*z + 3*z = 0. Let k be z - 2 - 0/(-3). What is the units digit of (k/5)/(1/(-50))?
0
Let l = -15 + 18. Suppose 3*r - l*i - 21 = 0, -3*r + 3*i + 23 = -i. Suppose 3*b + r*y = 15, -y - 29 = -2*b + 2*y. What is the units digit of b?
0
What is the units digit of ((-12)/16 - 0) + 3628/16?
6
Let z = 5 + 81. Let y = 139 - z. What is the tens digit of y?
5
Let y(l) be the third derivative of -l**5/60 + 7*l**4/24 - l**3 - 6*l**2. Let x be y(4). What is the tens digit of x/33 - 588/(-33)?
1
Suppose 4*u = 7*u - 18. Suppose -9*d + 189 = -u*d. What is the units digit of d?
3
Let w(b) be the second derivative of -b**5/20 + 11*b**2/2 - b. Suppose 2*v + 2*v - v = 0. What is the tens digit of w(v)?
1
Suppose -f + 0*f + 20 = 0. Suppose -2*z = 5*u - z - 5, -4*z = f. What is the units digit of 15/(-10)*(-4 - u)?
9
Let u(r) be the second derivative of r**4/3 + r**3/2 + 5*r**2 - 3*r. Let x(f) be the first derivative of u(f). What is the tens digit of x(4)?
3
Suppose -52*a + 7990 = -5*a. What is the units digit of a?
0
Suppose -k = -y - y + 6, 5*k + 12 = y. Suppose 4*z - s - 172 = y*s, 0 = -2*z - 5*s + 60. What is the units digit of z?
0
Let s(b) = -7*b + 4. Suppose -5*h + 8 = 28. Let v(w) = -w**2 - 7*w - 14. Let f be v(h). What is the units digit of s(f)?
8
Let r(k) = 4 - k**3 - 16*k**2 + 2*k**3 + 19*k + 27. What is the units digit of r(15)?
1
Let k = 1990 - 919. What is the tens digit of k?
7
Suppose -5*z + i - 24 = 5*i, 3 = -3*i. Let s(f) = -f**3 + 5*f + 8. Let t be s(z). What is the tens digit of (-2)/24*-9*t?
3
Let t = 239 - -217. What is the tens digit of t?
5
Let v(z) = z**3 + 51*z**2 + 66*z + 53. What is the thousands digit of v(-49)?
1
Let q = 1766 + 58. What is the thousands digit of q?
1
Let u(p) = -p - 6. Let i = 11 + -21. Let z be u(i). Suppose 4*t = z + 20. What is the units digit of t?
6
Suppose -5*i + 4*s = -1050, -947 = -4*i - 2*s - 107. What is the hundreds digit of i?
2
Let t = 31 - 29. Suppose -4*i = -5*h + 261, 8*h + t*i - 41 = 7*h. What is the tens digit of h?
4
Suppose 15*u - 90 = -0*u. Let v(r) = -r**3 + 4. Let c be v(0). Suppose -u = -n + c. What is the units digit of n?
0
Let s(l) = -12*l + 3*l**2 + 3 - 2*l**2 + l. Let u be s(11). What is the units digit of (12 - u) + (4 - 1)?
2
Suppose 11*q = -2*q - 26. What is the hundreds digit of 4/8*(q + 616)?
3
Suppose 8 = -2*g - l, 0*l - 5*l = -g - 4. Let w(j) = j - 3. Let r be w(g). Let p(f) = f**2 + 4*f + 4. What is the units digit of p(r)?
5
Let s(a) = 15*a + 12. Let y(p) = 29*p + 23. Let r(z) = -5*s(z) + 3*y(z). What is the units digit of r(18)?
5
Let f be (-616)/(-52) - 4/(-26). Suppose -1839 = -f*p + 9. What is the tens digit of p?
5
Let q = -531 + 1025. What is the hundreds digit of q?
4
Let n be (2 - 0)/((-4)/(-262)). Suppose -3*v - v - u = -n, -2*v - 4*u = -48. Suppose v - 13 = o. What is the units digit of o?
1
Let i(o) = -4*o - 3. Let u(v) = 3*v + 3. Let p(g) = 4*i(g) + 5*u(g). Let b be p(9). What is the units digit of ((-2)/3)/(b/9)?
1
Let n(p) = -8*p**2 + 6*p + 6. Let b(l) = -9*l**2 + 7*l + 7. Let a(y) = 5*b(y) - 6*n(y). What is the hundreds digit of a(6)?
1
Suppose -3*v = 4*o - 3621, o - 2*o - 3*v + 894 = 0. What is the units digit of o?
9
Let o be ((-24)/60)/((-2)/260). Suppose 0 = -8*l + 9*l - o. What is the units digit of l?
2
Let z = 1910 + -1321. What is the tens digit of z?
8
Let u be 4*-3*3/(-9). Suppose m - 2*l + 0*l = 3, 0 = u*m - 3*l - 17. Suppose -6*o + 30 = -4*o + 4*s, m*s = -3*o + 46. What is the tens digit of o?
1
Let f = -23 + 27. Suppose f*m = h + 225, 4*m - 3*h - 216 = h. What is the units digit of m?
7
Suppose 2*i + 3491 = 3*o - 2*i, 0 = 3*o - 5*i - 3493. What is the hundreds digit of o?
1
Suppose 0 = 4*m + m + 155. Let t = 39 + m. What is the units digit of t?
8
Suppose -3*z - 6 = -t + 45, -4*z - 4*t = 68. What is the hundreds digit of 301/2 + 0 - z/(-34)?
1
Suppose -5*r + 5*p = -35, 30 = -0*r + 2*r + 2*p. Suppose 0 = 2*d - i - 18, 2*i - 13 - r = -2*d. What is the units digit of d?
0
Let c = -7236 - -10288. What is the units digit of c?
2
Let j(p) = p**2 - 3*p + 2. Let s be j(2). Suppose 3*u + 76 + 38 = s. Let z = u - -63. What is the units digit of z?
5
Let o = -13 + 4. Let a be (-8)/(-3 + 12/3). Let m = a - o. What is the units digit of m?
1
Let c be 2*(-2)/4 - -4. Suppose -o = -j - 2*o - 3, -2*j - c*o - 11 = 0. Suppose 0 = 3*p - 8*p - v + 27, j*p = v + 15. What is the units digit of p?
6
Let v(w) = 334*w**2 - 7*w - 19. What is the tens digit of v(-2)?
3
Let g be (-1)/2 + (-3)/(-6). Suppose -10*p + 6*p + 172 = g. What is the units digit of p?
3
Let t(o) = -6*o. Let m be t(-4). Let n be 3 + m/4*8. Suppose 0 = -4*f + 53 + n. What is the tens digit of f?
2
Suppose 0 = -3*c + 344 - 80. Let h = c - 29. What is the units digit of h?
9
Let a be (-44)/(-110) + 2/(-20)*-6. What is the tens digit of (-384)/(-2) - 1*(-2)/a?
9
Let s = -440 - -652. What is the hundreds digit of s?
2
Suppose 4*f - 12 = 0, 12*x = 11*x - 3*f + 661. What is the units digit of x?
2
Let v = 9 - 7. Suppose v*g + 51 = 3*g. What is the tens digit of g?
5
Suppose 3*p + 4*q - 3*q - 308 = 0, 0 = -3*p - 2*q + 310. What is the hundreds digit of p?
1
Let w = 39 + -4. Let i = w + -49. Let v = i + 37. What is the tens digit of v?
2
Suppose 4*y = 3*z + z + 52, -5*y = -z - 49. Suppose 3*r - y = 144. What is the tens digit of r?
5
Let i(j) = j + 17. Let z(c) = -2*c**2 + 11*c + 8. Let h be z(7). Let t be i(h). What is the units digit of (-4)/(8/t) - -45?
3
Let u(b) = b + 224. Let z be u(0). Suppose z = 3*r + 4*r. What is the units digit of r?
2
What is the units digit of 1 + 149 + -8 + 20?
2
Suppose 2415 = p + p + c, 2*p + 3*c = 2409. What is the hundreds digit of p?
2
Let s(f) = -f**3 - 4*f**2 + 2*f + 2. Let u be s(-4). Let y = u - -5. Let z = 24 + y. What is the units d